5) in base 4?
2002230
-513326 (base 7) to base 10
-87632
What is -210 (base 16) in base 6?
-2240
Convert 601 (base 11) to base 4.
23113
221002 (base 4) to base 9
3537
What is 5585 (base 9) in base 15?
1352
What is 19a27 (base 12) in base 13?
14257
Convert 285 (base 11) to base 4.
11033
-7941 (base 14) to base 5
-1133104
Convert 1313201 (base 4) to base 2.
1110111100001
Convert -21155 (base 6) to base 8.
-5477
Convert 52305 (base 8) to base 2.
101010011000101
3210 (base 6) to base 15
336
-105 (base 7) to base 3
-2000
Convert 1426 (base 16) to base 13.
246a
Convert 21660 (base 11) to base 3.
1121002011
100011011100100 (base 2) to base 11
126a9
Convert -230320 (base 4) to base 14.
-1092
-2065 (base 13) to base 2
-1000101111101
Convert -26bb (base 15) to base 3.
-102100112
What is 2e30 (base 16) in base 3?
121012221
-1331 (base 7) to base 15
-242
What is -352 (base 9) in base 11?
-244
-71 (base 16) to base 4
-1301
-1005 (base 8) to base 6
-2221
What is 32f (base 16) in base 12?
57b
-a360 (base 14) to base 8
-66720
16a (base 14) to base 5
2130
What is 997 (base 13) in base 12?
b51
23a (base 12) to base 7
655
What is 2735 (base 15) in base 7?
33263
-4444 (base 8) to base 10
-2340
-186 (base 11) to base 9
-258
What is -26a (base 12) in base 15?
-19a
48435 (base 10) to base 6
1012123
-a30 (base 11) to base 12
-877
Convert -3772 (base 16) to base 4.
-3131302
What is -34364 (base 7) in base 11?
-6651
What is 19615 (base 11) in base 5?
1333422
-2324 (base 7) to base 10
-851
Convert 4016 (base 7) to base 11.
104a
3a1c (base 13) to base 11
6271
-360 (base 13) to base 8
-1111
What is -110100011 (base 3) in base 5?
-241440
2222 (base 4) to base 16
aa
-1e7 (base 16) to base 10
-487
What is -4127 (base 8) in base 4?
-201113
What is b6d6 (base 14) in base 6?
402020
-1906 (base 15) to base 11
-4075
-358 (base 11) to base 8
-652
What is 1542 (base 7) in base 12?
436
Convert -1244 (base 7) to base 6.
-2105
3653 (base 8) to base 14
a03
What is -143162 (base 7) in base 13?
-c6bc
Convert -16870 (base 9) to base 2.
-10110101111110
Convert ac5a (base 14) to base 4.
13102300
-1010110001 (base 2) to base 12
-495
-111111010000 (base 2) to base 3
-12112221
101011110110 (base 2) to base 3
10211221
Convert 395 (base 10) to base 9.
478
Convert -8813 (base 9) to base 10.
-6492
Convert b78 (base 14) to base 15.
a0c
-1030 (base 4) to base 15
-51
What is 35787 (base 10) in base 4?
20233023
768 (base 10) to base 8
1400
111102102 (base 3) to base 8
23071
What is -2011022 (base 3) in base 4?
-120212
Convert 9d5 (base 14) to base 11.
1514
What is -484 (base 11) in base 10?
-576
Convert -30244 (base 6) to base 10.
-3988
What is 9 (base 16) in base 13?
9
What is -1200251 (base 6) in base 13?
-22492
10122010 (base 3) to base 15
bb9
Convert -2056 (base 11) to base 8.
-5243
Convert -22431 (base 5) to base 14.
-836
Convert -24a96 (base 11) to base 16.
-8c51
24456 (base 9) to base 2
100000000011101
What is 1142a (base 11) in base 4?
10001220
What is -71 (base 13) in base 14?
-68
-2173 (base 10) to base 5
-32143
Convert -2627 (base 10) to base 14.
-d59
Convert 5ba0 (base 12) to base 9.
15163
What is -152055 (base 7) in base 8?
-71542
What is 1162 (base 11) in base 9?
2068
What is -2000 (base 5) in base 8?
-372
Convert 3142 (base 9) to base 15.
a3b
Convert 295b (base 14) to base 2.
1110010100101
What is -126a (base 15) in base 11?
-2a49
Convert 49ed (base 16) to base 15.
591a
What is -143 (base 16) in base 4?
-11003
Convert 517 (base 10) to base 14.
28d
Convert -213e (base 16) to base 2.
-10000100111110
What is -1222011 (base 3) in base 10?
-1435
What is -86a (base 13) in base 11?
-109a
What is -2969 (base 14) in base 4?
-1302301
Convert 1139 (base 11) to base 6.
10530
What is 27113 (base 11) in base 6?
455154
What is 41612 (base 7) in base 6?
115242
What is -771 (base 8) in base 15?
-23a
165 (base 15) to base 5
2240
Convert -18 (base 11) to base 10.
-19
What is 2121000 (base 3) in base 14?
990
Convert -2210 (base 8) to base 7.
-3245
15 (base 16) to base 6
33
What is -862 (base 9) in base 4?
-23000
4e2a (base 16) to base 5
1120020
What is -d9 (base 14) in base 11?
-164
Convert -1640 (base 15) to base 3.
-20120020
What is 10000110011 (base 2) in base 9?
1424
What is -7425 (base 9) in base 6?
-41122
-3161 (base 8) to base 11
-126a
Convert -8516 (base 9) to base 16.
-186c
-b68 (base 16) to base 8
-5550
Convert -2454 (base 15) to base 9.
-11537
Convert 676 (base 8) to base 16.
1be
Convert -23b4 (base 15) to base 2.
-1110110101010
Convert 11110111001 (base 2) to base 9.
2636
Convert 201010 (base 6) to base 2.
11110110011110
-3431 (base 16) to base 12
-7895
What is -2520 (base 6) in base 2?
-1001110000
Convert -10140 (base 7) to base 12.
-1526
Convert -a0e (base 16) to base 12.
-15a6
781 (base 11) to base 7
2505
What is -1133221 (base 4) in base 7?
-23563
What is 2111120 (base 3) in base 9?
2446
430402 (base 5) to base 8
34215
Convert 9a2c (base 14) to base 2.
110100001001000
22b (base 12) to base 3
102222
Convert 438 (base 12) to base 4.
21230
Convert -1111011100 (base 2) to base 15.
-45d
What is 190 (base 13) in base 14?
166
57370 (base 10) to base 3
2220200211
Convert -63117 (base 9) to base 8.
-121262
What is 25035 (base 6) in base 15?
1165
Convert -2130113 (base 4) to base 6.
-114155
Convert 11010001000 (base 2) to base 16.
688
What is 10111100101000 (base 2) in base 13?
5658
Convert -139a (base 13) to base 8.
-5417
Convert 1230212 (base 4) to base 16.
1b26
Convert -1000122111 (base 3) to base 12.
-b7b7
Convert -1332 (base 10) to base 14.
-6b2
Convert 315535 (base 7) to base 16.
d618
What is 5c82 (base 14) in base 15?
4be1
Convert -418 (base 13) to base 10.
-697
What is 5499 (base 11) in base 2?
1110001001111
What is 75c (base 16) in base 12?
1110
60130 (base 11) to base 10
88000
Convert 11023302 (base 4) to base 9.
32113
Convert 44ba (base 14) to base 12.
6a98
Convert -11201 (base 5) to base 14.
-413
What is 13436 (base 9) in base 6?
110053
What is -8334 (base 10) in base 2?
-10000010001110
What is 1103330 (base 4) in base 8?
12374
122354 (base 6) to base 12
63ba
16825 (base 10) to base 2
100000110111001
Convert 2461 (base 8) to base 15.
5d9
Convert 351650 (base 7) to base 15.
13a68
Convert 59e3 (base 15) to base 9.
28186
Convert 223a (base 13) to base 16.
12ad
-4ca7 (base 14) to base 9
-20432
What is 26640 (base 10) in base 13?
c183
What is 66262 (base 7) in base 10?
16606
What is -9c (base 15) in base 13?
-b4
What is ae4 (base 16) in base 13?
1366
What is 10110011 (base 2) in base 14?
cb
What is 902 (base 16) in base 9?
3142
What is -210 (base 12) in base 10?
-300
163632 (base 7) to base 15
99a9
Convert -7862 (base 11) to base 16.
-2871
What is 111011011 (base 2) in base 10?
475
Convert -1173 (base 8) to base 16.
-27b
3317 (base 10) to base 6
23205
Convert 6a26 (base 14) to base 8.
44032
What is 15e (base 15) in base 7?
626
What is 201 (base 5) in base 11?
47
-29918 (base 10) to base 12
-15392
What is 63a8 (base 11) in base 4?
2010103
What is -1ce5 (base 15) in base 14?
-2414
What is -538 (base 12) in base 3?
-1001022
323 (base 15) to base 16
2c4
Convert -25445 (base 6) to base 3.
-12021102
-11204 (base 5) to base 8
-1444
What is -22516 (base 7) in base 12?
-33aa
What is -25b (base 13) in base 6?
-1530
Convert -15871 (base 12) to base 4.
-13132111
What is -3058 (base 11) in base 10?
-4056
What is -12021212 (base 3) in base 15?
-1222
What is -a63 (base 14) in base 9?
-2724
Convert -52546 (base 7) to base 15.
-3c9a
What is 2408 (base 9) in base 14?
91c
-25160 (base 10) to base 2
-110001001001000
What is -14124 (base 8) in base 15?
-1ca3
What is 10312 (base 4) in base 5?
2220
Convert -6677 (base 8) to base 3.
-11211100
6aa (base 12) to base 3
1100211
What is 8bd (base 14) in base 7?
5026
What is -48941 (base 10) in base 12?
-243a5
What is -15404 (base 14) in base 4?
-30322330
Convert -33105 (base 6) to base 15.
-1552
What is -240 (base 16) in base 9?
-710
1410 (base 6) to base 2
101101110
Convert 5201 (base 6) to base 9.
1521
What is -100 (base 15) in base 16?
-e1
What is -1157 (base 16) in base 7?
-15641
-10b2 (base 15) to base 14
-1410
126b (base 13) to base 3
10121012
What is 6070 (base 8) in base 13?
1568
Convert -13394 (base 10) to base 11.
-a077
Convert -424101 (base 5) to base 9.
-